{"id":162,"date":"2021-01-06T16:45:54","date_gmt":"2021-01-06T16:45:54","guid":{"rendered":"https:\/\/labvivalle.com.br\/site\/?page_id=162"},"modified":"2021-01-06T16:52:25","modified_gmt":"2021-01-06T16:52:25","slug":"visao-missao-e-valores-laboratorio-labvivalle","status":"publish","type":"page","link":"https:\/\/labvivalle.com.br\/site\/visao-missao-e-valores-laboratorio-labvivalle\/","title":{"rendered":"Laborat\u00f3rio LabviValle &#8211; Vis\u00e3o Miss\u00e3o e Valores"},"content":{"rendered":"<h2 data-tadv-p=\"keep\">Vis\u00e3o, Miss\u00e3o e Valores<\/h2>\n<p><strong><br \/>\nVIS\u00c3O<\/strong><br \/>\n\u201cSer o Laborat\u00f3rio Cl\u00ednico de Urg\u00eancia da Escolha dos Melhores Servi\u00e7os de Sa\u00fade na Regi\u00e3o do Vale do Para\u00edba\u201d<\/p>\n<p><strong>MISS\u00c3O<\/strong><br \/>\n\u201cNossa Miss\u00e3o \u00e9 Aumentar a Chance de Cura dos Nossos Pacientes atrav\u00e9s de Exames Laboratoriais precisos, dentro do Menor Tempo Poss\u00edvel.\u201d<\/p>\n<p><strong>VALORES<\/strong><\/p>\n<ul>\n<li data-tadv-p=\"keep\">Seguran\u00e7a<\/li>\n<li data-tadv-p=\"keep\">Comprometimento e Aprimoramento Cont\u00ednuo da Equipe<\/li>\n<li data-tadv-p=\"keep\">\u00c9tica Profissional<\/li>\n<li data-tadv-p=\"keep\">Metodologias Comprovadas<\/li>\n<li data-tadv-p=\"keep\">Atualiza\u00e7\u00e3o Tecnol\u00f3gica<\/li>\n<li data-tadv-p=\"keep\">Humanismo<\/li>\n<\/ul>\n","protected":false},"excerpt":{"rendered":"<p>Vis\u00e3o, Miss\u00e3o e Valores VIS\u00c3O \u201cSer o Laborat\u00f3rio Cl\u00ednico de Urg\u00eancia da Escolha dos Melhores Servi\u00e7os de Sa\u00fade na Regi\u00e3o do Vale do Para\u00edba\u201d MISS\u00c3O \u201cNossa Miss\u00e3o \u00e9 Aumentar a Chance de Cura dos Nossos Pacientes atrav\u00e9s de Exames Laboratoriais precisos, dentro do Menor Tempo Poss\u00edvel.\u201d VALORES Seguran\u00e7a Comprometimento e Aprimoramento Cont\u00ednuo da Equipe \u00c9tica [&hellip;]<\/p>\n","protected":false},"author":2,"featured_media":164,"parent":0,"menu_order":0,"comment_status":"closed","ping_status":"closed","template":"","meta":{"_et_pb_use_builder":"off","_et_pb_old_content":"","_et_gb_content_width":"","footnotes":""},"class_list":["post-162","page","type-page","status-publish","has-post-thumbnail","hentry"],"_links":{"self":[{"href":"https:\/\/labvivalle.com.br\/site\/wp-json\/wp\/v2\/pages\/162","targetHints":{"allow":["GET"]}}],"collection":[{"href":"https:\/\/labvivalle.com.br\/site\/wp-json\/wp\/v2\/pages"}],"about":[{"href":"https:\/\/labvivalle.com.br\/site\/wp-json\/wp\/v2\/types\/page"}],"author":[{"embeddable":true,"href":"https:\/\/labvivalle.com.br\/site\/wp-json\/wp\/v2\/users\/2"}],"replies":[{"embeddable":true,"href":"https:\/\/labvivalle.com.br\/site\/wp-json\/wp\/v2\/comments?post=162"}],"version-history":[{"count":4,"href":"https:\/\/labvivalle.com.br\/site\/wp-json\/wp\/v2\/pages\/162\/revisions"}],"predecessor-version":[{"id":168,"href":"https:\/\/labvivalle.com.br\/site\/wp-json\/wp\/v2\/pages\/162\/revisions\/168"}],"wp:featuredmedia":[{"embeddable":true,"href":"https:\/\/labvivalle.com.br\/site\/wp-json\/wp\/v2\/media\/164"}],"wp:attachment":[{"href":"https:\/\/labvivalle.com.br\/site\/wp-json\/wp\/v2\/media?parent=162"}],"curies":[{"name":"wp","href":"https:\/\/api.w.org\/{rel}","templated":true}]}}