{"id":304,"date":"2021-01-06T22:37:18","date_gmt":"2021-01-06T22:37:18","guid":{"rendered":"https:\/\/labvivalle.com.br\/site\/?page_id=304"},"modified":"2021-06-08T16:28:00","modified_gmt":"2021-06-08T16:28:00","slug":"contato-labvivalle","status":"publish","type":"page","link":"https:\/\/labvivalle.com.br\/site\/contato-labvivalle\/","title":{"rendered":"Laborat\u00f3rio Labvivalle &#8211; Contato"},"content":{"rendered":"<ul>\n<li><span style=\"font-size: 16px;\"><strong>Para saber sobre Valores de Exames, Prazo de Entrega e Agendamentos:<\/strong><\/span><br \/><span style=\"font-size: 16px;\">Whatsapp<strong> (12) 98287-1084<\/strong> ou email:<strong><a href=\"mailto:coleta@labvivalle.com.br\">coleta@labvivalle.com.br<\/a><br \/>\u00a0 \u00a0<\/strong><\/span><\/li>\n<li><span style=\"font-size: 16px;\"><strong>Para Ajuda de Acesso ao Resultado no Site, Reenvio de SMS ou D\u00favidas com Laudo:<\/strong><\/span><br \/><span style=\"font-size: 16px;\">Whatsapp<\/span><strong><span style=\"font-size: 16px;\"> (12) 99637-2040<\/span><\/strong><span style=\"font-size: 16px;\"> ou email:<\/span><strong><span style=\"font-size: 16px;\"><a href=\"mailto:sac@labvivalle.com.br\">sac@labvivalle.com.br<\/a><\/span><\/strong><\/li>\n<\/ul>\n<p><strong><span style=\"font-size: 16px;\">Demais assuntos pelo telefone: (12) 3924-4900<\/span><\/strong><\/p>\n<p><span style=\"font-size: 16px;\"><strong>Atendimentos s\u00e3o realizados de segunda \u00e0 s\u00e1bado das 7:00 \u00e0s 19:00 hs<\/strong><\/span><\/p>\n<hr \/>\n<p><span style=\"font-size: 16px;\"><strong>\u00c1rea T\u00e9cnica<\/strong><\/span><br \/>Avenida Lineu de Moura, 995 &#8211; Urbanova, S\u00e3o Jos\u00e9 dos Campos &#8211; SP, 12244-380<\/p>\n<p><span style=\"font-size: 16px;\"><strong>Coletas<\/strong><\/span><br \/>R. Carlos Maria Auricchio, 70 &#8211; Jardim Aquarius, S\u00e3o Jos\u00e9 dos Campos &#8211; SP, 12246-876<\/p>\n<p><strong>Localiza\u00e7\u00e3o setor de Coletas:<\/strong><\/p>\n\n\n<iframe loading=\"lazy\" src=\"https:\/\/www.google.com\/maps\/embed?pb=!1m14!1m8!1m3!1d3666.5060572755897!2d-45.910188!3d-23.224665!3m2!1i1024!2i768!4f13.1!3m3!1m2!1s0x94cc357bdf207919%3A0x2bef0fed62b4a0a!2sR.%20Carlos%20Maria%20Auricchio%2C%2070%20-%20Jardim%20Alvorada%2C%20S%C3%A3o%20Jos%C3%A9%20dos%20Campos%20-%20SP%2C%2012240-420!5e0!3m2!1spt-BR!2sbr!4v1609973265940!5m2!1spt-BR!2sbr\" width=\"100%\" height=\"550\" frameborder=\"0\" style=\"border:0;\" allowfullscreen=\"\" aria-hidden=\"false\" tabindex=\"0\"><\/iframe>\n","protected":false},"excerpt":{"rendered":"<p>Para saber sobre Valores de Exames, Prazo de Entrega e Agendamentos:Whatsapp (12) 98287-1084 ou email:coleta@labvivalle.com.br\u00a0 \u00a0 Para Ajuda de Acesso ao Resultado no Site, Reenvio de SMS ou D\u00favidas com Laudo:Whatsapp (12) 99637-2040 ou email:sac@labvivalle.com.br Demais assuntos pelo telefone: (12) 3924-4900 Atendimentos s\u00e3o realizados de segunda \u00e0 s\u00e1bado das 7:00 \u00e0s 19:00 hs \u00c1rea T\u00e9cnicaAvenida [&hellip;]<\/p>\n","protected":false},"author":2,"featured_media":306,"parent":0,"menu_order":0,"comment_status":"closed","ping_status":"closed","template":"","meta":{"_et_pb_use_builder":"off","_et_pb_old_content":"","_et_gb_content_width":"","footnotes":""},"class_list":["post-304","page","type-page","status-publish","has-post-thumbnail","hentry"],"_links":{"self":[{"href":"https:\/\/labvivalle.com.br\/site\/wp-json\/wp\/v2\/pages\/304","targetHints":{"allow":["GET"]}}],"collection":[{"href":"https:\/\/labvivalle.com.br\/site\/wp-json\/wp\/v2\/pages"}],"about":[{"href":"https:\/\/labvivalle.com.br\/site\/wp-json\/wp\/v2\/types\/page"}],"author":[{"embeddable":true,"href":"https:\/\/labvivalle.com.br\/site\/wp-json\/wp\/v2\/users\/2"}],"replies":[{"embeddable":true,"href":"https:\/\/labvivalle.com.br\/site\/wp-json\/wp\/v2\/comments?post=304"}],"version-history":[{"count":10,"href":"https:\/\/labvivalle.com.br\/site\/wp-json\/wp\/v2\/pages\/304\/revisions"}],"predecessor-version":[{"id":401,"href":"https:\/\/labvivalle.com.br\/site\/wp-json\/wp\/v2\/pages\/304\/revisions\/401"}],"wp:featuredmedia":[{"embeddable":true,"href":"https:\/\/labvivalle.com.br\/site\/wp-json\/wp\/v2\/media\/306"}],"wp:attachment":[{"href":"https:\/\/labvivalle.com.br\/site\/wp-json\/wp\/v2\/media?parent=304"}],"curies":[{"name":"wp","href":"https:\/\/api.w.org\/{rel}","templated":true}]}}