{"id":708,"date":"2023-03-01T23:03:17","date_gmt":"2023-03-01T23:03:17","guid":{"rendered":"https:\/\/labvivalle.com.br\/site\/?page_id=708"},"modified":"2025-10-28T02:11:37","modified_gmt":"2025-10-28T02:11:37","slug":"convenios","status":"publish","type":"page","link":"https:\/\/labvivalle.com.br\/site\/convenios\/","title":{"rendered":"Conv\u00eanios"},"content":{"rendered":"<p>[et_pb_section fb_built=&#8221;1&#8243; _builder_version=&#8221;4.27.2&#8243; hover_enabled=&#8221;0&#8243; global_colors_info=&#8221;{}&#8221; custom_padding_last_edited=&#8221;on|tablet&#8221; custom_padding_tablet=&#8221;0px||||false|false&#8221; sticky_enabled=&#8221;0&#8243; custom_padding=&#8221;11px|||||&#8221; custom_padding_phone=&#8221;0px||||false|false&#8221;][et_pb_row _builder_version=&#8221;4.27.2&#8243; background_size=&#8221;initial&#8221; background_position=&#8221;top_left&#8221; background_repeat=&#8221;repeat&#8221; hover_enabled=&#8221;0&#8243; global_colors_info=&#8221;{}&#8221; use_custom_gutter=&#8221;on&#8221; gutter_width=&#8221;1&#8243; make_equal=&#8221;on&#8221; width_last_edited=&#8221;on|tablet&#8221; width_tablet=&#8221;100%&#8221; custom_padding=&#8221;13px|16px||16px|false|true&#8221; sticky_enabled=&#8221;0&#8243; custom_padding_last_edited=&#8221;on|phone&#8221; custom_padding_phone=&#8221;18px||0px||false|true&#8221; width_phone=&#8221;100%&#8221; custom_padding_tablet=&#8221;13px|16px||16px|false|true&#8221;][et_pb_column type=&#8221;4_4&#8243; _builder_version=&#8221;4.16&#8243; custom_padding=&#8221;|||&#8221; global_colors_info=&#8221;{}&#8221; custom_padding__hover=&#8221;|||&#8221;][et_pb_text _builder_version=&#8221;4.27.2&#8243; background_size=&#8221;initial&#8221; background_position=&#8221;top_left&#8221; background_repeat=&#8221;repeat&#8221; hover_enabled=&#8221;0&#8243; global_colors_info=&#8221;{}&#8221; sticky_enabled=&#8221;0&#8243;]<\/p>\n<p><!-- divi:heading {\"textAlign\":\"left\",\"textColor\":\"black\",\"fontSize\":\"medium\"} --><\/p>\n<h2 class=\"wp-block-heading has-text-align-left has-black-color has-text-color has-medium-font-size\"><strong>Conv\u00eanios Via Atendimento Diretos<\/strong><\/h2>\n<p><!-- \/divi:spacer --><\/p>\n<p>[\/et_pb_text][\/et_pb_column][\/et_pb_row][et_pb_row _builder_version=&#8221;4.27.2&#8243; background_size=&#8221;initial&#8221; background_position=&#8221;top_left&#8221; background_repeat=&#8221;repeat&#8221; hover_enabled=&#8221;0&#8243; global_colors_info=&#8221;{}&#8221; column_structure=&#8221;1_4,1_4,1_4,1_4&#8243; use_custom_gutter=&#8221;on&#8221; gutter_width=&#8221;2&#8243; make_equal=&#8221;on&#8221; module_alignment=&#8221;center&#8221; custom_margin=&#8221;0px||0px||true|false&#8221; custom_padding=&#8221;7px|16px|7px|16px|true|true&#8221; sticky_enabled=&#8221;0&#8243; module_class=&#8221;two-col-mob&#8221; width_last_edited=&#8221;on|tablet&#8221; width_tablet=&#8221;100%&#8221; width_phone=&#8221;100%&#8221;][et_pb_column type=&#8221;1_4&#8243; _builder_version=&#8221;4.16&#8243; custom_padding=&#8221;|||&#8221; global_colors_info=&#8221;{}&#8221; custom_padding__hover=&#8221;|||&#8221;][et_pb_image src=&#8221;https:\/\/labvivalle.com.br\/site\/wp-content\/uploads\/2023\/03\/life-empresarial-saude.jpg&#8221; _builder_version=&#8221;4.27.2&#8243; _module_preset=&#8221;default&#8221; align=&#8221;center&#8221; hover_enabled=&#8221;0&#8243; sticky_enabled=&#8221;0&#8243; title_text=&#8221;life-empresarial-saude&#8221;][\/et_pb_image][\/et_pb_column][et_pb_column type=&#8221;1_4&#8243; _builder_version=&#8221;4.16&#8243; custom_padding=&#8221;|||&#8221; global_colors_info=&#8221;{}&#8221; custom_padding__hover=&#8221;|||&#8221;][et_pb_image src=&#8221;https:\/\/labvivalle.com.br\/site\/wp-content\/uploads\/2025\/10\/cetesb.jpg&#8221; _builder_version=&#8221;4.27.2&#8243; _module_preset=&#8221;default&#8221; align=&#8221;center&#8221; hover_enabled=&#8221;0&#8243; sticky_enabled=&#8221;0&#8243; title_text=&#8221;cetesb&#8221;][\/et_pb_image][\/et_pb_column][et_pb_column type=&#8221;1_4&#8243; _builder_version=&#8221;4.16&#8243; custom_padding=&#8221;|||&#8221; global_colors_info=&#8221;{}&#8221; custom_padding__hover=&#8221;|||&#8221;][et_pb_image src=&#8221;https:\/\/labvivalle.com.br\/site\/wp-content\/uploads\/2025\/10\/afresp.jpg&#8221; _builder_version=&#8221;4.27.2&#8243; _module_preset=&#8221;default&#8221; align=&#8221;center&#8221; hover_enabled=&#8221;0&#8243; sticky_enabled=&#8221;0&#8243; title_text=&#8221;afresp&#8221;][\/et_pb_image][\/et_pb_column][et_pb_column type=&#8221;1_4&#8243; _builder_version=&#8221;4.16&#8243; custom_padding=&#8221;|||&#8221; global_colors_info=&#8221;{}&#8221; custom_padding__hover=&#8221;|||&#8221;][et_pb_image src=&#8221;https:\/\/labvivalle.com.br\/site\/wp-content\/uploads\/2025\/10\/allianz-care.jpg&#8221; _builder_version=&#8221;4.27.2&#8243; _module_preset=&#8221;default&#8221; align=&#8221;center&#8221; hover_enabled=&#8221;0&#8243; sticky_enabled=&#8221;0&#8243; title_text=&#8221;allianz-care&#8221;][\/et_pb_image][\/et_pb_column][\/et_pb_row][et_pb_row _builder_version=&#8221;4.27.2&#8243; background_size=&#8221;initial&#8221; background_position=&#8221;top_left&#8221; background_repeat=&#8221;repeat&#8221; hover_enabled=&#8221;0&#8243; global_colors_info=&#8221;{}&#8221; column_structure=&#8221;1_4,1_4,1_4,1_4&#8243; use_custom_gutter=&#8221;on&#8221; gutter_width=&#8221;2&#8243; make_equal=&#8221;on&#8221; module_alignment=&#8221;center&#8221; custom_margin=&#8221;0px||0px||true|false&#8221; custom_padding=&#8221;7px|16px|7px|16px|true|true&#8221; sticky_enabled=&#8221;0&#8243; module_class=&#8221;two-col-mob&#8221; width_last_edited=&#8221;on|tablet&#8221; width_tablet=&#8221;100%&#8221; width_phone=&#8221;100%&#8221;][et_pb_column type=&#8221;1_4&#8243; _builder_version=&#8221;4.16&#8243; custom_padding=&#8221;|||&#8221; global_colors_info=&#8221;{}&#8221; custom_padding__hover=&#8221;|||&#8221;][et_pb_image src=&#8221;https:\/\/labvivalle.com.br\/site\/wp-content\/uploads\/2023\/03\/saude-caixa.jpg&#8221; _builder_version=&#8221;4.27.2&#8243; _module_preset=&#8221;default&#8221; align=&#8221;center&#8221; hover_enabled=&#8221;0&#8243; sticky_enabled=&#8221;0&#8243; title_text=&#8221;saude-caixa&#8221;][\/et_pb_image][\/et_pb_column][et_pb_column type=&#8221;1_4&#8243; _builder_version=&#8221;4.16&#8243; custom_padding=&#8221;|||&#8221; global_colors_info=&#8221;{}&#8221; custom_padding__hover=&#8221;|||&#8221;][et_pb_image src=&#8221;https:\/\/labvivalle.com.br\/site\/wp-content\/uploads\/2025\/10\/seguros-unimed.jpg&#8221; _builder_version=&#8221;4.27.2&#8243; _module_preset=&#8221;default&#8221; align=&#8221;center&#8221; hover_enabled=&#8221;0&#8243; sticky_enabled=&#8221;0&#8243; title_text=&#8221;seguros-unimed&#8221;][\/et_pb_image][\/et_pb_column][et_pb_column type=&#8221;1_4&#8243; _builder_version=&#8221;4.16&#8243; custom_padding=&#8221;|||&#8221; global_colors_info=&#8221;{}&#8221; custom_padding__hover=&#8221;|||&#8221;][et_pb_image src=&#8221;https:\/\/labvivalle.com.br\/site\/wp-content\/uploads\/2025\/10\/saude-abas.jpg&#8221; _builder_version=&#8221;4.27.2&#8243; _module_preset=&#8221;default&#8221; align=&#8221;center&#8221; hover_enabled=&#8221;0&#8243; sticky_enabled=&#8221;0&#8243; title_text=&#8221;saude-abas&#8221;][\/et_pb_image][\/et_pb_column][et_pb_column type=&#8221;1_4&#8243; _builder_version=&#8221;4.16&#8243; custom_padding=&#8221;|||&#8221; global_colors_info=&#8221;{}&#8221; custom_padding__hover=&#8221;|||&#8221;][et_pb_image src=&#8221;https:\/\/labvivalle.com.br\/site\/wp-content\/uploads\/2025\/10\/economus.jpg&#8221; _builder_version=&#8221;4.27.2&#8243; _module_preset=&#8221;default&#8221; align=&#8221;center&#8221; hover_enabled=&#8221;0&#8243; sticky_enabled=&#8221;0&#8243; title_text=&#8221;economus&#8221;][\/et_pb_image][\/et_pb_column][\/et_pb_row][et_pb_row _builder_version=&#8221;4.27.2&#8243; background_size=&#8221;initial&#8221; background_position=&#8221;top_left&#8221; background_repeat=&#8221;repeat&#8221; hover_enabled=&#8221;0&#8243; global_colors_info=&#8221;{}&#8221; column_structure=&#8221;1_4,1_4,1_4,1_4&#8243; use_custom_gutter=&#8221;on&#8221; gutter_width=&#8221;2&#8243; make_equal=&#8221;on&#8221; module_alignment=&#8221;center&#8221; custom_margin=&#8221;0px||0px||true|false&#8221; custom_padding=&#8221;7px|16px|7px|16px|true|true&#8221; sticky_enabled=&#8221;0&#8243; module_class=&#8221;two-col-mob&#8221; width_last_edited=&#8221;on|tablet&#8221; width_tablet=&#8221;100%&#8221; width_phone=&#8221;100%&#8221;][et_pb_column type=&#8221;1_4&#8243; _builder_version=&#8221;4.16&#8243; custom_padding=&#8221;|||&#8221; global_colors_info=&#8221;{}&#8221; custom_padding__hover=&#8221;|||&#8221;][et_pb_image src=&#8221;https:\/\/labvivalle.com.br\/site\/wp-content\/uploads\/2025\/10\/notrtedame-intermedica.jpg&#8221; _builder_version=&#8221;4.27.2&#8243; _module_preset=&#8221;default&#8221; align=&#8221;center&#8221; hover_enabled=&#8221;0&#8243; sticky_enabled=&#8221;0&#8243; title_text=&#8221;notrtedame-intermedica&#8221;][\/et_pb_image][\/et_pb_column][et_pb_column type=&#8221;1_4&#8243; _builder_version=&#8221;4.16&#8243; custom_padding=&#8221;|||&#8221; global_colors_info=&#8221;{}&#8221; custom_padding__hover=&#8221;|||&#8221;][et_pb_image src=&#8221;https:\/\/labvivalle.com.br\/site\/wp-content\/uploads\/2025\/10\/sulamerica-saude.jpg&#8221; _builder_version=&#8221;4.27.2&#8243; _module_preset=&#8221;default&#8221; align=&#8221;center&#8221; hover_enabled=&#8221;0&#8243; sticky_enabled=&#8221;0&#8243; title_text=&#8221;sulamerica-saude&#8221;][\/et_pb_image][\/et_pb_column][et_pb_column type=&#8221;1_4&#8243; _builder_version=&#8221;4.16&#8243; custom_padding=&#8221;|||&#8221; global_colors_info=&#8221;{}&#8221; custom_padding__hover=&#8221;|||&#8221;][et_pb_image src=&#8221;https:\/\/labvivalle.com.br\/site\/wp-content\/uploads\/2023\/03\/vevest.jpg&#8221; _builder_version=&#8221;4.27.2&#8243; _module_preset=&#8221;default&#8221; align=&#8221;center&#8221; hover_enabled=&#8221;0&#8243; sticky_enabled=&#8221;0&#8243; title_text=&#8221;vevest&#8221;][\/et_pb_image][\/et_pb_column][et_pb_column type=&#8221;1_4&#8243; _builder_version=&#8221;4.16&#8243; custom_padding=&#8221;|||&#8221; global_colors_info=&#8221;{}&#8221; custom_padding__hover=&#8221;|||&#8221;][et_pb_image src=&#8221;https:\/\/labvivalle.com.br\/site\/wp-content\/uploads\/2025\/10\/saude-ams.jpg&#8221; _builder_version=&#8221;4.27.2&#8243; _module_preset=&#8221;default&#8221; align=&#8221;center&#8221; hover_enabled=&#8221;0&#8243; sticky_enabled=&#8221;0&#8243; title_text=&#8221;saude-ams&#8221;][\/et_pb_image][\/et_pb_column][\/et_pb_row][et_pb_row _builder_version=&#8221;4.27.2&#8243; background_size=&#8221;initial&#8221; background_position=&#8221;top_left&#8221; background_repeat=&#8221;repeat&#8221; hover_enabled=&#8221;0&#8243; global_colors_info=&#8221;{}&#8221; column_structure=&#8221;1_4,1_4,1_4,1_4&#8243; use_custom_gutter=&#8221;on&#8221; gutter_width=&#8221;2&#8243; make_equal=&#8221;on&#8221; module_alignment=&#8221;center&#8221; custom_margin=&#8221;0px||0px||true|false&#8221; custom_padding=&#8221;7px|16px|7px|16px|true|true&#8221; sticky_enabled=&#8221;0&#8243; module_class=&#8221;two-col-mob&#8221; width_last_edited=&#8221;on|tablet&#8221; width_tablet=&#8221;100%&#8221; width_phone=&#8221;100%&#8221;][et_pb_column type=&#8221;1_4&#8243; _builder_version=&#8221;4.16&#8243; custom_padding=&#8221;|||&#8221; global_colors_info=&#8221;{}&#8221; custom_padding__hover=&#8221;|||&#8221;][et_pb_image src=&#8221;https:\/\/labvivalle.com.br\/site\/wp-content\/uploads\/2025\/10\/vale.jpg&#8221; _builder_version=&#8221;4.27.2&#8243; _module_preset=&#8221;default&#8221; align=&#8221;center&#8221; hover_enabled=&#8221;0&#8243; sticky_enabled=&#8221;0&#8243; title_text=&#8221;vale&#8221;][\/et_pb_image][\/et_pb_column][et_pb_column type=&#8221;1_4&#8243; _builder_version=&#8221;4.16&#8243; custom_padding=&#8221;|||&#8221; global_colors_info=&#8221;{}&#8221; custom_padding__hover=&#8221;|||&#8221;][\/et_pb_column][et_pb_column type=&#8221;1_4&#8243; _builder_version=&#8221;4.16&#8243; custom_padding=&#8221;|||&#8221; global_colors_info=&#8221;{}&#8221; custom_padding__hover=&#8221;|||&#8221;][\/et_pb_column][et_pb_column type=&#8221;1_4&#8243; _builder_version=&#8221;4.16&#8243; custom_padding=&#8221;|||&#8221; global_colors_info=&#8221;{}&#8221; custom_padding__hover=&#8221;|||&#8221;][\/et_pb_column][\/et_pb_row][et_pb_row _builder_version=&#8221;4.27.2&#8243; background_size=&#8221;initial&#8221; background_position=&#8221;top_left&#8221; background_repeat=&#8221;repeat&#8221; hover_enabled=&#8221;0&#8243; global_colors_info=&#8221;{}&#8221; use_custom_gutter=&#8221;on&#8221; gutter_width=&#8221;1&#8243; make_equal=&#8221;on&#8221; width_last_edited=&#8221;on|tablet&#8221; width_tablet=&#8221;100%&#8221; custom_padding=&#8221;7px|16px|7px|16px|true|true&#8221; sticky_enabled=&#8221;0&#8243; width_phone=&#8221;100%&#8221;][et_pb_column type=&#8221;4_4&#8243; _builder_version=&#8221;4.16&#8243; custom_padding=&#8221;|||&#8221; global_colors_info=&#8221;{}&#8221; custom_padding__hover=&#8221;|||&#8221;][et_pb_text _builder_version=&#8221;4.27.2&#8243; background_size=&#8221;initial&#8221; background_position=&#8221;top_left&#8221; background_repeat=&#8221;repeat&#8221; hover_enabled=&#8221;0&#8243; global_colors_info=&#8221;{}&#8221; sticky_enabled=&#8221;0&#8243;]<!-- divi:heading {\"textAlign\":\"left\",\"textColor\":\"black\",\"fontSize\":\"medium\"} --><\/p>\n<figure class=\"wp-block-gallery aligncenter has-nested-images columns-default is-cropped\">\n<p><strong style=\"font-size: 18px;\">Para mais informa\u00e7\u00f5es, entre em contato conosco por <a href=\"https:\/\/labvivalle.com.br\/site\/contato-labvivalle\/\">email<\/a> ou pelo nosso whatsapp.<\/strong><\/p>\n<\/figure>\n<p><!-- \/divi:spacer -->[\/et_pb_text][\/et_pb_column][\/et_pb_row][\/et_pb_section]<\/p>\n","protected":false},"excerpt":{"rendered":"<p>Conv\u00eanios Via Atendimento Diretos Para mais informa\u00e7\u00f5es, entre em contato conosco por email ou pelo nosso whatsapp.<\/p>\n","protected":false},"author":2,"featured_media":0,"parent":0,"menu_order":0,"comment_status":"closed","ping_status":"closed","template":"","meta":{"_et_pb_use_builder":"on","_et_pb_old_content":"<!-- wp:heading {\"textAlign\":\"left\",\"textColor\":\"black\",\"fontSize\":\"medium\"} -->\n<h2 class=\"wp-block-heading has-text-align-left has-black-color has-text-color has-medium-font-size\"><strong>Conv\u00eanios Via Atendimento Diretos<\/strong><\/h2>\n<!-- \/wp:heading -->\n\n<!-- wp:spacer {\"height\":\"18px\"} -->\n<div style=\"height:18px\" aria-hidden=\"true\" class=\"wp-block-spacer\"><\/div>\n<!-- \/wp:spacer -->\n\n<!-- wp:gallery {\"linkTo\":\"none\",\"align\":\"center\"} -->\n<figure class=\"wp-block-gallery aligncenter has-nested-images columns-default is-cropped\"><!-- wp:image {\"id\":709,\"sizeSlug\":\"large\",\"linkDestination\":\"none\"} -->\n<figure class=\"wp-block-image size-large\"><img src=\"https:\/\/labvivalle.com.br\/site\/wp-content\/uploads\/2023\/03\/allianz-saude.jpg\" alt=\"\" class=\"wp-image-709\"\/><\/figure>\n<!-- \/wp:image -->\n\n<!-- wp:image {\"id\":711,\"sizeSlug\":\"large\",\"linkDestination\":\"none\"} -->\n<figure class=\"wp-block-image size-large\"><img src=\"https:\/\/labvivalle.com.br\/site\/wp-content\/uploads\/2023\/03\/bradesco-rede-dor.jpg\" alt=\"\" class=\"wp-image-711\"\/><\/figure>\n<!-- \/wp:image -->\n\n<!-- wp:image {\"id\":712,\"sizeSlug\":\"large\",\"linkDestination\":\"none\"} -->\n<figure class=\"wp-block-image size-large\"><img src=\"https:\/\/labvivalle.com.br\/site\/wp-content\/uploads\/2023\/03\/life-empresarial-saude.jpg\" alt=\"\" class=\"wp-image-712\"\/><\/figure>\n<!-- \/wp:image -->\n\n<!-- wp:image {\"id\":710,\"sizeSlug\":\"large\",\"linkDestination\":\"none\"} -->\n<figure class=\"wp-block-image size-large\"><img src=\"https:\/\/labvivalle.com.br\/site\/wp-content\/uploads\/2023\/03\/saude-caixa.jpg\" alt=\"\" class=\"wp-image-710\"\/><\/figure>\n<!-- \/wp:image -->\n\n<!-- wp:image {\"id\":713,\"sizeSlug\":\"large\",\"linkDestination\":\"none\"} -->\n<figure class=\"wp-block-image size-large\"><img src=\"https:\/\/labvivalle.com.br\/site\/wp-content\/uploads\/2023\/03\/vevest.jpg\" alt=\"\" class=\"wp-image-713\"\/><\/figure>\n<!-- \/wp:image -->\n\n<!-- wp:image {\"id\":714,\"sizeSlug\":\"large\",\"linkDestination\":\"none\"} -->\n<figure class=\"wp-block-image size-large\"><img src=\"https:\/\/labvivalle.com.br\/site\/wp-content\/uploads\/2023\/03\/blank-convenios.jpg\" alt=\"\" class=\"wp-image-714\"\/><\/figure>\n<!-- \/wp:image --><\/figure>\n<!-- \/wp:gallery -->\n\n<!-- wp:spacer {\"height\":\"7px\"} -->\n<div style=\"height:7px\" aria-hidden=\"true\" class=\"wp-block-spacer\"><\/div>\n<!-- \/wp:spacer -->\n\n<!-- wp:heading {\"textAlign\":\"left\",\"textColor\":\"black\",\"fontSize\":\"medium\"} -->\n<h2 class=\"wp-block-heading has-text-align-left has-black-color has-text-color has-medium-font-size\"><strong>Conv\u00eanios Via Reembolso Assistido<\/strong><\/h2>\n<!-- \/wp:heading -->\n\n<!-- wp:paragraph {\"style\":{\"typography\":{\"fontSize\":\"18px\"}},\"textColor\":\"black\"} -->\n<p class=\"has-black-color has-text-color\" style=\"font-size:18px\">O cat\u00e1logo de planos de sa\u00fade do LabviValle ficou mais amplo! Com nosso anivers\u00e1rio de 20 anos, passamos a atender tamb\u00e9m aos conv\u00eanios:<\/p>\n<!-- \/wp:paragraph -->\n\n<!-- wp:list {\"style\":{\"typography\":{\"fontSize\":\"18px\"}},\"textColor\":\"black\"} -->\n<ul class=\"has-black-color has-text-color\" style=\"font-size:18px\"><!-- wp:list-item -->\n<li>SulAmerica<\/li>\n<!-- \/wp:list-item -->\n\n<!-- wp:list-item -->\n<li>Unimed CNU<\/li>\n<!-- \/wp:list-item -->\n\n<!-- wp:list-item -->\n<li>ABAS 15<\/li>\n<!-- \/wp:list-item -->\n\n<!-- wp:list-item -->\n<li>Bradesco<\/li>\n<!-- \/wp:list-item -->\n\n<!-- wp:list-item -->\n<li>Omint<\/li>\n<!-- \/wp:list-item -->\n\n<!-- wp:list-item -->\n<li>Petrobr\u00e1s<\/li>\n<!-- \/wp:list-item -->\n\n<!-- wp:list-item -->\n<li>Porto Seguro<\/li>\n<!-- \/wp:list-item --><\/ul>\n<!-- \/wp:list -->\n\n<!-- wp:paragraph {\"style\":{\"typography\":{\"fontSize\":\"18px\"}},\"textColor\":\"black\"} -->\n<p class=\"has-black-color has-text-color\" style=\"font-size:18px\">Mais op\u00e7\u00f5es e vantagens para voc\u00ea realizar seus exames no LabviValle!<\/p>\n<!-- \/wp:paragraph -->\n\n<!-- wp:paragraph {\"style\":{\"typography\":{\"fontSize\":\"18px\"}},\"textColor\":\"black\"} -->\n<p class=\"has-black-color has-text-color\" style=\"font-size:18px\"><strong>Para mais informa\u00e7\u00f5es, entre em contato conosco por <a href=\"https:\/\/labvivalle.com.br\/site\/contato-labvivalle\/\">email<\/a> ou pelo nosso whatsapp.<\/strong><\/p>\n<!-- \/wp:paragraph -->\n\n<!-- wp:spacer {\"height\":\"21px\"} -->\n<div style=\"height:21px\" aria-hidden=\"true\" class=\"wp-block-spacer\"><\/div>\n<!-- \/wp:spacer -->\n\n<!-- wp:spacer {\"height\":\"18px\"} -->\n<div style=\"height:18px\" aria-hidden=\"true\" class=\"wp-block-spacer\"><\/div>\n<!-- \/wp:spacer -->","_et_gb_content_width":"1080","footnotes":""},"class_list":["post-708","page","type-page","status-publish","hentry"],"_links":{"self":[{"href":"https:\/\/labvivalle.com.br\/site\/wp-json\/wp\/v2\/pages\/708","targetHints":{"allow":["GET"]}}],"collection":[{"href":"https:\/\/labvivalle.com.br\/site\/wp-json\/wp\/v2\/pages"}],"about":[{"href":"https:\/\/labvivalle.com.br\/site\/wp-json\/wp\/v2\/types\/page"}],"author":[{"embeddable":true,"href":"https:\/\/labvivalle.com.br\/site\/wp-json\/wp\/v2\/users\/2"}],"replies":[{"embeddable":true,"href":"https:\/\/labvivalle.com.br\/site\/wp-json\/wp\/v2\/comments?post=708"}],"version-history":[{"count":16,"href":"https:\/\/labvivalle.com.br\/site\/wp-json\/wp\/v2\/pages\/708\/revisions"}],"predecessor-version":[{"id":903,"href":"https:\/\/labvivalle.com.br\/site\/wp-json\/wp\/v2\/pages\/708\/revisions\/903"}],"wp:attachment":[{"href":"https:\/\/labvivalle.com.br\/site\/wp-json\/wp\/v2\/media?parent=708"}],"curies":[{"name":"wp","href":"https:\/\/api.w.org\/{rel}","templated":true}]}}